4 = 0. Calculate the remainder when 35 is divided by (-6)/(-3) - g/(-3).
8
Calculate the remainder when ((-3)/4)/(-8 + (-4407)/(-552)) is divided by 26.
20
Suppose -23*i + 20 + 95 = 0. Calculate the remainder when 115 is divided by i.
0
Let p = 39 - 35. Calculate the remainder when 14 is divided by p.
2
Suppose -3*z + 5*z = -4*b + 14, 0 = -2*b - 3*z + 5. Suppose -b*y + 5*d = -51, -y + 18 = 2*d - 11. Let l = 54 - y. What is the remainder when l is divided by 9?
8
What is the remainder when 109 is divided by -3 + (0 + -5 + 6)*99?
13
Let b = -337 - -362. What is the remainder when 96 is divided by b?
21
Let d(g) = g**2 - 35*g + 51. Let t be -1*-7*(-1 - -2). Let l = t - -26. What is the remainder when l is divided by d(34)?
16
Let t = -2452 - -2473. Calculate the remainder when 82 is divided by t.
19
Let q be 5 - (1 + 2) - 116. Let b = 188 + q. Calculate the remainder when b is divided by 27.
20
Suppose 17*v - 357 = -119. What is the remainder when 208 is divided by v?
12
Let q(j) = -j**2 - 4*j - 3. Let l be q(-4). Let x(k) = 4*k**2 + 21*k**3 - 46*k**3 - 3 - 2*k + 26*k**3. What is the remainder when 34 is divided by x(l)?
10
Suppose -4*f + 33 + 3 = 0. Calculate the remainder when 61 + 8 + -1 + 2 is divided by f.
7
Suppose -5*l - 2*r + 66 = 0, 0 = -2*l - l + 2*r + 30. What is the remainder when l is divided by 7?
5
Let z(n) = -n**2 + 15*n - 42. Let w be z(14). Calculate the remainder when 68 is divided by (24/w)/((-4)/84).
14
Suppose -4*d - 5*l - 15 = -41, 3*d + 3*l = 21. What is the remainder when 20 is divided by d?
2
Suppose 0 = -4*p - 16, g + 5*p = 4 - 0. Suppose 0 = 2*q + d - 89, -3*q - 81*d + 86*d + 153 = 0. What is the remainder when q is divided by g?
22
Let o(s) = -2*s**2 + 64*s - 156. Calculate the remainder when 152 is divided by o(29).
8
Suppose -2*v + 2 = -20. Suppose -g = 9 - 13. Suppose 4*j = 2*x + 6, 4*x - g = 4*j + 4. Calculate the remainder when v is divided by x.
4
Suppose 0 = 4*p + 4*p - 56. Suppose -2*b = h - 14 - p, 5*h = 4*b + 63. What is the remainder when h is divided by 5?
0
Let a be ((-4)/(-8))/(1/4). Suppose n - 5*q - 2 = 0, 49 = a*n + 4*q + q. What is the remainder when (-131)/(-2) - (-2)/(-4) is divided by n?
14
Suppose -16 = -4*h, 2*c - c = -h + 8. Calculate the remainder when 7 is divided by c.
3
Let h(s) = 10*s**2 - 4*s. Let b(y) = -4*y - 2. Let l be b(-1). Calculate the remainder when 127 is divided by h(l).
31
Suppose -308 = 571*o - 599*o. Calculate the remainder when 12 is divided by o.
1
Suppose -5*d + 3 + 12 = 5*r, 2*r - 4*d = 24. Suppose 0 = -9*j + r*j + 39. Calculate the remainder when 51 is divided by j.
12
Let c = -592 + 719. What is the remainder when 2666 is divided by c?
126
Suppose -57*p + 1034 = -1873. What is the remainder when 148 is divided by p?
46
Let q = -50 + 29. What is the remainder when 27 is divided by 6/q - (-428)/28?
12
Let m(i) = -i**3 + 39*i**2 - 35*i - 98. Let g = 3 - -60. What is the remainder when g is divided by m(38)?
15
Let z(v) = v**3 + 8*v**2 - 7*v + 9. Let n be z(-9). Let k(i) = -i**3 - 10*i**2 - 11*i + 7. What is the remainder when k(n) is divided by 9?
7
Let k(h) = h**3 + 11*h**2 + 5*h + 2. Let t = -6793 - -6817. What is the remainder when k(-4) is divided by t?
22
Suppose -14*a = -16*a. Suppose 5*q - 44 - 16 = a. What is the remainder when 35 is divided by q?
11
Let t(u) = -39*u + 20. Calculate the remainder when t(-6) is divided by 133.
121
Calculate the remainder when 354285/270 - (-2)/(-12) is divided by 18.
16
Suppose -5*q = 2*d - 72, 4*q + 26 + 62 = 4*d. Let v(x) = -x + 37. What is the remainder when 50 is divided by v(d)?
6
What is the remainder when -3*(-8 - -1) + (17 - 14) is divided by (-1 - (-2 - -2))*-7?
3
Suppose -3*n = -3*p - 318, -2*n = -2*p - p - 214. Suppose 4*o + n = 12*o. What is the remainder when (2/5)/(1/125) is divided by o?
11
Let x be 42/(-7) + 6 - (-16 - 0). Suppose -25*y = -x*y - 144. Calculate the remainder when 79 is divided by y.
15
Let f = 36 - 34. Calculate the remainder when (2 - 1) + -1 + 16 is divided by (1 + -3)/(f/(-9)).
7
Let c = -34 + 27. What is the remainder when 66/(-24)*(c + 3) is divided by 2?
1
Let s be (-10)/((-72)/126*7/2). Suppose 0 = -2*u + u + 3. Suppose 2*q - 11 = -y, s*q - u*q + 4 = 2*y. What is the remainder when q is divided by 3?
0
Let q = 803 + -589. Calculate the remainder when q is divided by 43.
42
Calculate the remainder when (-5 - -14) + -9 + 2 is divided by (-4)/(-6)*6/4.
0
Suppose -102 = -3*v - 4*z, -v + 3*z = -z - 34. Let k = v - 30. Calculate the remainder when 16 is divided by k.
0
Let j be 37 + (9/6)/(2/(-4)). Suppose -j = -y + 14. Calculate the remainder when 237 is divided by y.
45
Suppose -k = k - 3*h - 21, k = -h + 3. Suppose -k*d = -376 + 112. What is the remainder when d is divided by 23?
21
Let w(o) = o + 4. Let q be w(-3). Let l be 7 + -6 + (-9 - q). Calculate the remainder when 68 is divided by (1 - 4)/l*69.
22
Let a(g) = -3*g - 1. Let l be a(-6). Let o(h) = -7*h - 1. Let c be o(-1). Suppose -k = -3*x - 0*x + l, -3*k = c. Calculate the remainder when x is divided by 2.
1
Suppose -3*y - 3 = 0, 3*y - 506 - 135 = -4*j. Suppose 16*c - 187 = 245. Calculate the remainder when j is divided by c.
26
Suppose 0 = 3*m + 3, -m + 14 = 2*t + t. Suppose 0 = 25*d - 34*d + 36. What is the remainder when t is divided by d?
1
Let w(b) = b - 3. Let k be w(6). Suppose -5*f = -3*n + 2*n + 22, -k*n + 4*f = -55. Calculate the remainder when 31 is divided by n.
14
Suppose 0 = -8*f - 251 + 1091. Suppose -5*g = -2*y + f, -3*g + 78 - 249 = -3*y. What is the remainder when y is divided by 22?
16
Suppose -2*i + 11 + 101 = 0. Let k be (-4)/7*i/(-16). Suppose s - 6 = -k*s, -5*r + 51 = 3*s. What is the remainder when r is divided by 3?
0
Let w(z) = -z**2 - z. Let c(i) = 5*i**2 + 15*i + 9. Let n(g) = -c(g) - 4*w(g). Calculate the remainder when 42 is divided by n(-9).
6
Let o(b) = -4 + 3 + 2 + b**2 - 4*b + 2*b. Let i be o(6). Suppose -f + 2*v + i = 0, -v + 103 = 4*f + f. Calculate the remainder when f is divided by 11.
10
Suppose 0 = -90*n + 117404 + 106066. Calculate the remainder when n is divided by 22.
19
What is the remainder when (-13 + 1)*(-923)/39 is divided by 9?
5
Suppose -h = -3*m - 22, 19*m - 18*m - 88 = -4*h. Suppose -3*s - 117 = -2*l, -4*l + 239 = -2*s - 7. Calculate the remainder when l is divided by h.
19
Let r = -266 + 20. Let n = 392 + r. What is the remainder when n is divided by 25?
21
Let p(j) = j**2 + 6*j + 7. Let t be p(-6). Let h = t - 4. Suppose 0 = -h*g + l + 5, 2*l + 2*l = 16. What is the remainder when 4 is divided by g?
1
What is the remainder when 1*1*-2 + (-92 - -165) is divided by 37?
34
What is the remainder when 3 - (1 - 157) - (1 + 1) is divided by 8?
5
Let b(i) = 2*i + 45. Calculate the remainder when b(9) is divided by 25.
13
Suppose -2*b = -7*b - 4*k + 126, -5*b + 3*k = -98. Suppose 23 = d + b. Suppose -12 + 4 = -4*t. Calculate the remainder when t is divided by d.
0
Suppose -w - o = -16, 0 = -o - 3*o. Suppose 3*h - 99 = f, 83 = 3*h - 3*f - w. Let u(v) = v**2 + 15*v - 42. Calculate the remainder when h is divided by u(-18).
9
Suppose -16*a = -15*a - 21. Calculate the remainder when 35 is divided by a.
14
Let o be (-6)/2*24/9. Let f = o + 14. Let z = -128 + 136. What is the remainder when z is divided by f?
2
Suppose -372 = -14*h + 2*h. Suppose -27*o = -h*o + 68. What is the remainder when 167 is divided by o?
14
Let v(z) = z**3 - 3*z**2 - 2*z - 11. Let p = 24 - -56. What is the remainder when p is divided by v(5)?
22
Let r be (-26)/((-12)/20 + 1). Let x = r - -120. Suppose 9 = -u + x. Calculate the remainder when u is divided by 24.
22
Suppose -54 - 22 = -4*q. Calculate the remainder when -4 - (2 + 817)/(-7) is divided by q.
18
Let g(c) = 10*c**2 - 77*c - 7. Calculate the remainder when 99 is divided by g(8).
14
Let v(b) = -b**2 + 4. Let k be v(4). Let d = 0 - k. Let h = d - -12. What is the remainder when h is divided by 7?
3
Suppose 3*c = m + 8, -4*m + 6*m + 5*c = -5. Let s(u) = -u**3 - 6*u**2 - 11*u - 14. What is the remainder when 47 is divided by s(m)?
15
Let c = -6569 + 6622. Calculate the remainder when c is divided by ((-40)/(-12))/(4/18).
8
Let t = 346 + -259. Let p = 22 + 0. What is the remainder when t is divided by p?
21
Suppose -5*t + 0*t - 200 = 0. Let b = -25 - t. Calculate the 